{"id":1115,"date":"2016-09-09T05:47:17","date_gmt":"2016-09-09T05:47:17","guid":{"rendered":"http:\/\/www.florlima.com\/site\/?page_id=1115"},"modified":"2023-09-01T01:37:17","modified_gmt":"2023-09-01T01:37:17","slug":"fotos-campana-tocate-o-te-tocara","status":"publish","type":"page","link":"http:\/\/www.florlima.com\/site\/fotos\/fotos-campana-tocate-o-te-tocara\/","title":{"rendered":"FOTOS CAMPA\u00d1A T\u00d3CATE O TE TOCAR\u00c1"},"content":{"rendered":"<p>[vc_row][vc_column][vc_text_separator title=\u00bbCampa\u00f1a contra el C\u00e1ncer de Mama \u00abT\u00f3cate y te tocar\u00e1\u00ab. Flor Lima sin retoques ni make up por Cuauhtemoc Garc\u00eda\u00bb color=\u00bbblue\u00bb style=\u00bbdouble\u00bb][\/vc_column][\/vc_row][vc_row][vc_column][vc_masonry_media_grid arrows_design=\u00bbnone\u00bb arrows_position=\u00bbinside\u00bb arrows_color=\u00bbblue\u00bb paging_design=\u00bbradio_dots\u00bb paging_color=\u00bbgrey\u00bb loop=\u00bb\u00bb autoplay=\u00bb-1&#8243; include=\u00bb1119,1116,1117,1122,1118,1123,1124,1120,1121,1125,1126&#8243; grid_id=\u00bbvc_gid:1693532222195-d7504bad-bba6-1&#8243;][\/vc_column][\/vc_row]<\/p>\n","protected":false},"excerpt":{"rendered":"<p>[vc_row][vc_column][vc_text_separator title=\u00bbCampa\u00f1a contra el C\u00e1ncer de Mama \u00abT\u00f3cate y te tocar\u00e1\u00ab. Flor Lima sin retoques ni make up por Cuauhtemoc Garc\u00eda\u00bb color=\u00bbblue\u00bb style=\u00bbdouble\u00bb][\/vc_column][\/vc_row][vc_row][vc_column][vc_masonry_media_grid arrows_design=\u00bbnone\u00bb arrows_position=\u00bbinside\u00bb arrows_color=\u00bbblue\u00bb paging_design=\u00bbradio_dots\u00bb paging_color=\u00bbgrey\u00bb loop=\u00bb\u00bb autoplay=\u00bb-1&#8243; include=\u00bb1119,1116,1117,1122,1118,1123,1124,1120,1121,1125,1126&#8243; grid_id=\u00bbvc_gid:1693532222195-d7504bad-bba6-1&#8243;][\/vc_column][\/vc_row]<\/p>\n","protected":false},"author":1,"featured_media":0,"parent":96,"menu_order":0,"comment_status":"closed","ping_status":"closed","template":"","meta":{"footnotes":""},"class_list":["post-1115","page","type-page","status-publish","hentry"],"aioseo_notices":[],"_links":{"self":[{"href":"http:\/\/www.florlima.com\/site\/wp-json\/wp\/v2\/pages\/1115","targetHints":{"allow":["GET"]}}],"collection":[{"href":"http:\/\/www.florlima.com\/site\/wp-json\/wp\/v2\/pages"}],"about":[{"href":"http:\/\/www.florlima.com\/site\/wp-json\/wp\/v2\/types\/page"}],"author":[{"embeddable":true,"href":"http:\/\/www.florlima.com\/site\/wp-json\/wp\/v2\/users\/1"}],"replies":[{"embeddable":true,"href":"http:\/\/www.florlima.com\/site\/wp-json\/wp\/v2\/comments?post=1115"}],"version-history":[{"count":6,"href":"http:\/\/www.florlima.com\/site\/wp-json\/wp\/v2\/pages\/1115\/revisions"}],"predecessor-version":[{"id":1359,"href":"http:\/\/www.florlima.com\/site\/wp-json\/wp\/v2\/pages\/1115\/revisions\/1359"}],"up":[{"embeddable":true,"href":"http:\/\/www.florlima.com\/site\/wp-json\/wp\/v2\/pages\/96"}],"wp:attachment":[{"href":"http:\/\/www.florlima.com\/site\/wp-json\/wp\/v2\/media?parent=1115"}],"curies":[{"name":"wp","href":"https:\/\/api.w.org\/{rel}","templated":true}]}}